 10?
7
Let d be -2*(-2 - -1) - -37. Suppose 3*b = -3, 0*a + 5*b = -4*a + d. What is the remainder when 32 is divided by a?
10
Let j = -12 - -15. Let p(z) = -1. Let r(x) = -x**3 - 3*x**2 - 3*x - 4. Let k(h) = -p(h) + r(h). What is the remainder when k(-3) is divided by j?
0
Let t(g) be the third derivative of -g**4/8 + 3*g**3/2 - 3*g**2. What is the remainder when t(-14) is divided by 13?
12
Suppose -2*p - 200 = -5*f, -4*p = 5*f - 225 - 5. Let g(y) = y**3 - 8*y**2 + 11*y - 6. Let k = 2 - -5. What is the remainder when f is divided by g(k)?
20
Let w(s) = -s**3 - 3*s**2 + 9*s + 8. What is the remainder when w(-5) is divided by 7?
6
Let o(f) = -f**2 - 2*f + 50. Calculate the remainder when o(0) is divided by 13.
11
Suppose 30 = -0*o + 3*o. What is the remainder when 49 is divided by o?
9
Suppose -6*g = -3*g - u - 100, 170 = 5*g - 5*u. Let q = g - 8. Let c = 13 - 0. What is the remainder when q is divided by c?
12
Suppose -2*y - 4*d = -5*d - 19, 0 = -4*y - 3*d + 43. Calculate the remainder when 77 is divided by y.
7
Suppose -3*j + j + 16 = 0. Suppose l - y - 6 = 0, l - 3*y + 4*y = 4. Suppose -q + l*q = 56. What is the remainder when q is divided by j?
6
Suppose 0*j - j = -17. Calculate the remainder when 50 is divided by j.
16
Let d = 1 + 0. Let f be 10 + d*-2*1. Let s = 13 - f. What is the remainder when 14 is divided by s?
4
Let y = -5 + 9. Suppose y*p + 20 = 8*p. What is the remainder when (1 + -2)/(1/(-18)) is divided by p?
3
Let j(y) = -y**3 + 9*y**2 + 7*y + 22. What is the remainder when j(9) is divided by 30?
25
Let i be (-4)/(-16) - (-30)/8. Suppose 5*t + 190 = 5*k, 100 = -i*t - 5*k - 88. Let p = -7 - t. What is the remainder when p is divided by 18?
17
Let j(u) = u**2 - 7*u. Let x be j(7). Suppose -5*s + 131 + 104 = x. What is the remainder when s is divided by (-1)/2 + 99/6?
15
Let f(h) = h**3 - h**2 + h - 1. Let r(w) = 15*w**3 + w**2 - 3*w + 2. Let l(i) = -2*f(i) - r(i). Calculate the remainder when 32 is divided by l(-1).
15
Let j(p) = -3*p - 6. Suppose o - b = 26, 5*o + 0*o - 130 = -3*b. What is the remainder when o is divided by j(-5)?
8
Suppose -4*x = -5*x + 705. Suppose -z = 4*q - 102, -5*z - 99 = -4*q - x. Suppose 4*s - z = -18. What is the remainder when s is divided by 9?
7
Suppose 0 = -3*a + m + 2*m + 12, 4*a + 5*m = -29. Let y = -2 - a. Calculate the remainder when 49 is divided by y*(0 + -18 + 1).
15
Let j(z) = z**3 - 8*z**2 + 7*z + 3. Let w be j(7). Suppose -w*g = -g. Suppose g = -6*a + 2*a + 80. What is the remainder when a is divided by 7?
6
Let l = 0 - -3. Suppose -l*d + 4 = -m, -3*d - 5*m + 18 = d. Suppose d*p - 105 = -5*u, 0 = -2*u - p - 4*p + 63. What is the remainder when 35 is divided by u?
16
Let u(m) = -m**3 + 10*m**2 - 5*m + 4. Suppose -4*l + 28 = -2*l. Calculate the remainder when u(9) is divided by l.
12
Suppose 3*c = -3*z + 4*c + 16, -2*c = -4*z + 24. Suppose 2*j - 4*p = z, -j - 3*p = p - 32. What is the remainder when 23 is divided by j?
11
Suppose -8*t + t = 28. Let v = 0 + -2. Let j = v - t. Calculate the remainder when 2 is divided by j.
0
Suppose c - 7 = -3*x + 59, 3*c - 14 = -x. What is the remainder when 67 is divided by x?
21
Let l(d) be the first derivative of d**2 - 11*d + 1. Suppose -2*a + 19 = 3. What is the remainder when 9 is divided by l(a)?
4
Suppose 0 = 4*q - 4*l - 20, 2*q + 5 = -0*l - 3*l. Suppose q*w - 4*w = 4*i + 30, -4*i - w = 29. Let g = i - -13. What is the remainder when 10 is divided by g?
4
Suppose 584 = 10*a + 124. What is the remainder when a is divided by 16?
14
Let l(a) = 8*a**2 + 1. What is the remainder when 97 is divided by l(1)?
7
Let m = 3 + 4. Let j be (m + 2)/((-6)/(-4)). What is the remainder when 11 is divided by ((-4)/j)/(3/(-18))?
3
Let t(l) = l + 22. Calculate the remainder when 199 is divided by t(3).
24
Suppose 0 = 13*t - 9*t - 88. What is the remainder when 58 is divided by t?
14
Let g(w) = -3*w**3 - 5 - 7*w**2 - 6*w - 4*w**3 + 6*w**3. Let k be g(-6). What is the remainder when 19 is divided by (-12 - k)/(1*-1)?
5
Let v = 14 - 9. What is the remainder when 9 is divided by v?
4
Let a(u) = u**3 + 2*u**2 - 5*u + 5. Let g be a(-5). Let z be (g/12)/(1/4). Let t = 21 + z. What is the remainder when t is divided by 2?
0
Let t = 2 + 0. Suppose -t = -2*x + 4. What is the remainder when 5 is divided by x?
2
Let n(l) = -l**2 + 15*l + 8. What is the remainder when n(12) is divided by 3/2 - (-270)/12?
20
What is the remainder when (-44 - (0 - -3))/(-1) is divided by 25?
22
Let n = -3 - -5. Let j = n - 0. Suppose 2*u = w - 7 + 48, j*u + 2*w = 44. Calculate the remainder when 40 is divided by u.
19
Suppose 2*p = -2*p. Suppose p = -2*k - k + 6. Suppose k*s - 126 = -0*s. Calculate the remainder when s is divided by 16.
15
Let r(v) = v**3 + 10*v**2 + 9*v + 13. Let g = -5 + -4. Calculate the remainder when 63 is divided by r(g).
11
Suppose 5*q - 40 = 5*b, 0*q + 4*b = -3*q + 31. Let i be (14/3)/(1/9). Let c = -25 + i. Calculate the remainder when c is divided by q.
8
Let t(w) = w**2 + 7*w + 8. Calculate the remainder when 129 is divided by t(-9).
25
Let b = -31 - -77. What is the remainder when b is divided by 16?
14
Let f(b) = b**3 - 13*b**2 + 4*b - 14. What is the remainder when 150 is divided by f(13)?
36
Let s be ((-1 - -2)*-2)/2. Calculate the remainder when (40/(-15))/(s/3) is divided by (15/(-6))/(3/(-6)).
3
What is the remainder when (88/16)/(2/12) is divided by 12?
9
Suppose -4*o - 2*x - 2*x = -20, -5*x = -4*o + 29. What is the remainder when (-2)/4*-2 + 9 is divided by o?
4
Suppose 0 = 9*j - 0*j - 1638. Calculate the remainder when j is divided by 37.
34
Let u be 0*(-4)/16 + 11. Let h = u + -2. What is the remainder when h is divided by 4*2/(16/10)?
4
Let j = 19 + -12. Let m be 2/(-8) + (-63)/(-12). Suppose 9 = 5*p + w - 11, -m*p + 2*w = -5. Calculate the remainder when j is divided by p.
1
Suppose t = 5*t + 8. Let s be t/(-7) - 94/(-14). Suppose -s*h + 3*h - 4*u + 44 = 0, -4*u = -5*h + 100. What is the remainder when h is divided by 9?
7
Suppose -2*v + 3*n = 12 - 72, 92 = 4*v + n. Calculate the remainder when 142 is divided by v.
22
Let i be (-1)/(-2 - -1 - -2). Calculate the remainder when (-2 + i)/(9/(-6)) is divided by (-7)/(-6) - (-5)/(-30).
0
Let p(f) = f**3 - f + 12. Calculate the remainder when 23 is divided by p(0).
11
Let i = 47 + -14. Let z = 21 + -12. Calculate the remainder when i is divided by z.
6
Let n(a) = 2*a**3 - 3*a**2 + 2*a - 2. What is the remainder when 23 is divided by n(2)?
5
What is the remainder when 15 is divided by 52/6 - (-1)/3?
6
Let k(q) = -48*q**3 - q**2 - 2*q - 2. Calculate the remainder when 139 is divided by k(-1).
45
Let z be 6/18 - (-66)/(-9). Let o(h) = 2*h**2 + 10*h + 16. What is the remainder when o(z) is divided by 15?
14
Let i = 54 + -103. Let x = -27 - i. What is the remainder when x is divided by 6?
4
Let d(l) = -1. Let p(h) = 4*h**2 - 2*h + 3. Let i(c) = 4*d(c) + p(c). Calculate the remainder when i(2) is divided by 4.
3
Let a(b) = b**3 + 4*b**2 - 8*b - 6. Let k be 1/((-2)/(-23 + 3)). Calculate the remainder when (3 - (-3)/6)*k is divided by a(-5).
8
Suppose 0 = 4*k - 2*k - 8. Suppose 0 = 3*j + 4*r + r - 22, 0 = j + k*r - 12. Suppose j*a = -0*a + 24. What is the remainder when 17 is divided by a?
5
Suppose -5*p = -2*r + 21 + 69, 2*p + 90 = 2*r. Calculate the remainder when r is divided by 16.
13
Let x(s) = -s**3 + s**2 + 5*s + 5. What is the remainder when 27 is divided by x(-2)?
6
Suppose p - f - 12 = 25, 4*p - 180 = -4*f. What is the remainder when 121 is divided by p?
39
Let t = -20 + 11. Let w = t - -23. What is the remainder when 27 is divided by w?
13
Let k(w) = -5*w + 1. What is the remainder when 92 is divided by k(-6)?
30
What is the remainder when 2 is divided by 0/(-1) - 1*-2?
0
Let l(u) = -u. Let a be l(4). Let q(x) be the first derivative of -4*x**2 + 2*x + 1. Calculate the remainder when q(a) is divided by 12.
10
Let o = 23 + -21. Suppose -o*y = 4*s - y - 166, 127 = 3*s + 2*y. Calculate the remainder when s is divided by 11.
8
Let m(c) = 2*c**3 + 26*c**2 - 2*c - 4. Let f be 0 - (-2)/(-2) - 14. Calculate the remainder when m(-13) is divided by (-4)/10 + (-126)/f.
6
Let f(v) = 2 + 1 - 10*v**2 + 9*v + 2 + v**3. Let d be f(9). Suppose 0 = -5*a + r + 3*r + 25, r = d*a - 40. Calculate the remainder when a is divided by 